 Determine d(t).
6
Let d be -1 + 10/2 - 2. Let g be 3*5/(-6)*d. Let s(t) = -7*t**2 + t - 9. Let i(m) = -3*m**2 + m - 4. Let w(v) = 9*i(v) - 4*s(v). Give w(g).
0
Let s(m) = -m**3 - 4*m**2 + 4*m - 1. Suppose 0*h = -4*h. Suppose h*n + 4*n = -20. Determine s(n).
4
Let c(l) be the second derivative of 7*l**4/12 + l**3/6 + 26*l. Give c(1).
8
Let k(c) be the second derivative of c**3/2 + c**2 + 3*c. Calculate k(2).
8
Let c(w) = 18*w**3 - w - 1. Suppose -9 + 6 = 3*v. What is c(v)?
-18
Let l(p) = p**3 + p + 4. Suppose -5*f + 2*f - 2*f = 0. Give l(f).
4
Suppose v + 5*h = 15, -4*v + 3*h + 2 = 11. Let o(j) be the first derivative of j + 2 + 1/2*j**2. Determine o(v).
1
Let f(o) = 13*o**2 + 13*o - 15. Let j(q) = -7*q**2 - 7*q + 8. Let p(t) = -6*f(t) - 11*j(t). What is p(2)?
-4
Let r(h) = -h**3 - h**2 + 2*h. Suppose 8*u + 36 = -4*u. What is r(u)?
12
Let l = -4 - -6. Let f(x) = -2*x - l - 7*x + 3 + 4*x. Calculate f(2).
-9
Suppose 0 = -5*q + 3*q + 18. Let h(i) = -11 + i**2 + 3 - 4*i + q*i. Calculate h(-6).
-2
Let a(g) = -g + 3 + g**2 - 3. Let x be 7 - -2 - 4 - 4. Determine a(x).
0
Let h(s) = -s - 8. Suppose 2*p = 3*z + 5*p + 27, -36 = 4*z + p. Determine h(z).
1
Let c(z) = z**2 + 8*z - 11. Let a(b) = b**3 - 4*b**2 - 3*b + 4. Let w be a(4). What is c(w)?
-11
Let h be 21*(-1 - 2/(-3)). Let u = h + 7. Let d(s) = s**3 + s**2 - s - 6. What is d(u)?
-6
Let u(p) = p**3 - 7*p**2 - 9*p + 6. Let r be u(8). Let q(f) = -5*f**3 - 7*f**2 + 5*f - 6. Let l(v) = v**3 + v**2 - v + 1. Let c(d) = 6*l(d) + q(d). Give c(r).
-10
Let g(d) = -d**3 + d**2 - d + 6. Let o be g(0). Let i(s) = -2*s - 3*s + 4*s + o. Suppose -2*y + 0*y = -3*b, -2*y = -5*b. Calculate i(b).
6
Let d = -3 + 8. Suppose -6*f + 4 = d*q - 2*f, -5*f - 24 = -q. Suppose z - 4*z = -3*k + 12, 2*z = q*k - 16. Let i(o) = -o + 3. What is i(k)?
-1
Let s(f) = f + 6. Let z be (3 - 18/4)*-2. Let q be (-4)/(-6) - 17/z. Determine s(q).
1
Suppose 6 + 0 = 2*c + 3*n, -3*n = 5*c + 3. Let h = 5 + c. Let a(g) = 2*g**3 + 0*g**3 + 0*g**3 - g**3 - 4*g + 2 - h*g**2. What is a(3)?
-1
Let p(c) = 0 + 3*c - 5*c + c + 1 + c**3. What is p(0)?
1
Let s(q) = -q + 1. Suppose 3*d = -2*z + 6, -5*d = -z - 0*d + 29. Let m = z - 10. What is s(m)?
2
Let r(p) be the third derivative of p**6/12 + p**4/12 - p**3/6 + p**2. Let q(j) = -j**3 - 12*j**2 + j + 13. Let s be q(-12). Determine r(s).
11
Let i(x) be the first derivative of 5 + 1/2*x**2 + x**3 + 0*x. Give i(-1).
2
Suppose a = -0*a. Suppose 0 = 2*l, z - 5*z - 5*l = -16. Let y(o) = -2*o - z + 2*o + o**2. Determine y(a).
-4
Let j(z) = -5*z + 8. Let d = 19 + -22. Let t(l) = -2*l + 3. Let f(w) = w**2 + 3*w + 4. Let i be f(-4). Let h(b) = d*j(b) + i*t(b). Give h(0).
0
Let b(o) = 2*o + 1. Let j(a) = -a. Let k(q) = b(q) + 4*j(q). What is k(2)?
-3
Let t(x) be the third derivative of -x**6/120 + x**5/60 - x**3 - 30*x**2 - 1. Calculate t(0).
-6
Let b(x) = x**3 - x + 1. Let z = -21 + 18. Let p(r) = 4*r**3 + 3*r**2 - 3*r + 2. Let f(q) = z*b(q) + p(q). Calculate f(-2).
3
Let q(f) be the second derivative of f**3/3 - 3*f**2/2 + 6*f. What is q(-5)?
-13
Let p(h) = h**2 + h - 16. Suppose -2*x + 8 = -5*b, 5*x - 6 - 14 = 0. Calculate p(b).
-16
Suppose -7*f - 30 = -44. Let g(c) be the third derivative of 0 + 1/15*c**5 + 0*c - f*c**2 - 1/6*c**3 + 0*c**4. Give g(1).
3
Let a(j) be the third derivative of -j**8/6720 + j**7/420 - j**6/180 - j**5/60 - j**4/6 - 3*j**2. Let y(p) be the second derivative of a(p). What is y(5)?
3
Let g(o) = -5*o - 1. Let p be g(-1). Let a(u) = -u**2 - 7 - p*u + 7*u**2 - u**3 + 0*u**2. Calculate a(5).
-2
Suppose 12 = -3*z - 0, 4*z = -3*l + 8. Suppose 3*f + 2*g = l, -2*f + g - 7 = -3. Let h(r) = 6 - 1 - 4*r**3 + r + 3*r**3. Determine h(f).
5
Let o(l) be the second derivative of -l**5/60 - l**4/8 - l**3/2 + l**2 - 2*l. Let n(q) be the first derivative of o(q). Calculate n(-3).
-3
Let v(d) be the first derivative of d**3/3 - 3*d**2/2 - 3*d - 27. What is v(4)?
1
Suppose -4*h + 5 + 3 = 0. Let w(n) = n + h - 3*n + 3*n. Suppose -13 - 3 = 4*t. What is w(t)?
-2
Let n(t) = t**3 + 5*t**2 + 4*t - 4. Let s = -12 - -8. Let f be n(s). Let o(l) = -6*l**2 + l + 5 + 5*l**2 - 5*l. Determine o(f).
5
Suppose 2*r - 19 = 3*x, 0*r - r - 5*x - 23 = 0. Let t(z) = -z - 1 + z**3 + 3*z**3 + 3*z**3 - z**r. Give t(-1).
-8
Let h(t) = 4*t + 6. Let z be h(-2). Let g(m) = -4*m - 2. Give g(z).
6
Let x(d) = -d**2 + 7*d - 9. Let n(p) = -p**2 + 7*p - 8. Let b(a) = -7*n(a) + 6*x(a). Calculate b(8).
10
Let m(u) = -u**2 - 5*u + 7. Let h(x) = -x**3 - 3*x**2 + 2. Let z be h(-3). Suppose -z*s + 16 = -4*j, j = -0*j - s - 7. Calculate m(j).
7
Let c(x) = -x**2 - x + 1. Let n = -5 + 4. Let a(y) = 7*y**2 + 7*y - 3. Let o(b) = n*a(b) - 5*c(b). Suppose -10 = -0*l + 5*l. Calculate o(l).
-6
Let v = 8 + -4. Let y(n) = 3 - n + v*n - n**3 + n. Determine y(-2).
3
Let z(k) be the third derivative of 0*k - 1/20*k**5 - 1/120*k**6 + 1/4*k**4 + 2*k**2 + 0 + 2/3*k**3. Let m = 2 - 6. Calculate z(m).
-4
Let a(f) be the first derivative of 3*f**2/2 - 3*f + 1. Determine a(3).
6
Let o(c) = 4 - 4*c**2 + 2*c**3 - 4*c**3 - 2*c + c**3 - 1. What is o(-3)?
0
Let z(q) be the second derivative of -q**5/20 + q. Let d(o) = 6*o**3 + 5*o**2 + 4*o - 1. Let p(u) = d(u) + 5*z(u). Calculate p(-3).
5
Let g(h) = -4*h**2 + 2*h + 3. Suppose 3 = -2*u - 1. Calculate g(u).
-17
Let a(n) = n - 2*n - 1 + 0*n + 0*n. Determine a(-1).
0
Let o(h) = h**3 + 2*h**2 - 4*h + 3. Let r = 109 + -113. Determine o(r).
-13
Let k(i) be the first derivative of -i**2/2 - 6*i - 7. What is k(-5)?
-1
Let t(i) = -i**3 - 4*i**2 - 5*i - 4. Let o be (-2 - 20/(-8))*-32. Let g = 13 + o. Determine t(g).
2
Let i(q) = q**3 - 2*q**2 - 3*q. Let c(u) = u**3 - 2*u**2 - 4*u + 1. Let b(w) = -3*c(w) + 4*i(w). Suppose -13 = -5*t - 48. Let f = 10 + t. Determine b(f).
6
Let g(k) be the first derivative of -5/3*k**3 - 1 - 4*k**2 + 5*k + 1/4*k**4. Determine g(6).
-7
Suppose -r + 1 + 1 = 0. Let k(g) = -5*g**2 + r*g**2 + 3 + 2*g + g**3 - 2*g**2. Let d be k(4). Let m(a) = -a + 1. Calculate m(d).
6
Suppose 0 = 4*h + 3*k, 0 = -5*h + 2*h + k + 13. Let p(z) = -3*z**h - 6*z**3 + z + 6*z**3 + 3*z**2 + 4*z**3 - 1. Give p(-2).
1
Suppose 0 = 6*a - 4*a - 6. Let n(z) be the third derivative of 1/6*z**3 + 0 + 1/24*z**4 - z**2 + 0*z. Give n(a).
4
Suppose 0*p + 2*x = -4*p, 5*p - 4*x - 26 = 0. Let g(d) = 0*d**p + d**2 - 2*d + 9*d. Let i be (-3)/((-1)/(-2) + 0). Determine g(i).
-6
Suppose -4 = 3*d - 5*d. Let x(p) = d - 2*p**3 - 3*p + 4*p - 2*p + 2*p**2 + 0. What is x(2)?
-8
Suppose -w - 3 = -0. Suppose 4*v - 4*r - 4 = -2*r, 2*v + 3*r + 6 = 0. Let m(q) = 0 + v + q. Determine m(w).
-3
Let a(d) = d**2 - 5*d + 2. Suppose 0 = y + 15 - 39. Suppose y = v + 4*g, 6*v + 5*g - 45 = v. What is a(v)?
-2
Let b(y) be the second derivative of -5/12*y**4 - 1/2*y**3 - 6*y + 0 + 1/20*y**5 - 3*y**2. Calculate b(6).
12
Let s(h) be the third derivative of 0*h**3 - 1/12*h**4 + 0 + 0*h + 2*h**2. Let j be 1/3*(-3)/1. Give s(j).
2
Let f(w) = w**3 - 8*w**2 + 7*w - 1. Let k be (-46)/(-253) + (-75)/(-11). Determine f(k).
-1
Suppose 5*u + 3 = -4*h, 5*h - 3*u - 2*u + 15 = 0. Let i(k) be the second derivative of -k**5/20 + k**4/6 + k**3/3 - 28*k - 4. Calculate i(h).
12
Let n be 8/3*3/2. Let z = n - -1. Let u be 5/(-10)*z*2. Let c(r) = -r - 6. Determine c(u).
-1
Let n(q) = 2*q**2 - 2*q + 3. Suppose 6*p - 3*p = 3. Suppose -c - 4*b = -b + 10, -4*b = -5*c + 26. Suppose -t = v - p, 3*v - t = c*v + 3. Determine n(v).
7
Let f be (-42)/6*(-18)/(-21). Let b(z) = z - 4. Determine b(f).
-10
Let g(z) = -z - 1. Let p(w) = w**2 - 4. Let v(q) = -q - 6. Let d be v(-4). Let t(o) = d*g(o) + p(o). Let x = -3 + 0. Give t(x).
1
Let y = -13 + 16. Let v(h) = 3 + 0*h**2 + h**2 - 4*h + 1. What is v(y)?
1
Let c be 0 - -1 - (-4 - 2). Let t(j) be the second derivative of j**3/6 - 4*j**2 - j. Let f be t(c). Let q(a) = -9*a**3 - 2*a**2 + 1. Determine q(f).
8
Let k be (-22)/(-6) - 6/9. Let y(a) = 2*a - 4. Let j be y(4). Let d(v) = 3 - 1 - k - j*v. What is d(1)?
-5
Suppose 2*o = -0*o - 2. Suppose 6*m - m + 19 = 3*x, 14 = 3*x - 4*m. Let l be (0 - o) + (2 - x). Let d(v) = v**3 - 4*v**2 - 6*v + 5. Determine d(l).
0
Let p(f) = -2*f**3 + f**2 + 2*f - 1. Suppose 6*j = 3*i + j + 4, -2*i + 12 = 4*j. Calculate p(i).
-9
Let b = 1 - -1. Let u(f) = 15*f**3 - 16*f**2 + 16. Let r(v) = -3*v**3 + 3*v**2 - 3. Let t(p) = b*u(p) + 